mmon factor of 25 and 5.
5
Calculate the highest common factor of 322 and 368.
46
Calculate the greatest common divisor of 480 and 620.
20
What is the greatest common factor of 42042 and 286?
286
What is the highest common divisor of 51 and 7956?
51
Calculate the highest common factor of 42711 and 138.
69
Calculate the greatest common divisor of 26 and 4.
2
Calculate the highest common divisor of 47 and 33558.
47
What is the greatest common divisor of 1001 and 273?
91
Calculate the greatest common factor of 5 and 125.
5
What is the highest common factor of 21 and 4935?
21
What is the highest common factor of 43 and 516?
43
Calculate the greatest common divisor of 180 and 105.
15
What is the greatest common factor of 8987 and 627?
209
Calculate the highest common factor of 801 and 9.
9
Calculate the greatest common factor of 3120 and 3315.
195
Calculate the greatest common factor of 5512 and 416.
104
What is the highest common factor of 2120 and 16?
8
Calculate the highest common divisor of 100 and 1150.
50
What is the greatest common divisor of 24 and 1389?
3
What is the highest common factor of 96 and 108?
12
Calculate the highest common factor of 78 and 117.
39
Calculate the highest common factor of 120 and 12.
12
Calculate the greatest common divisor of 25 and 55.
5
Calculate the highest common factor of 154 and 14.
14
What is the greatest common factor of 134 and 17621?
67
Calculate the greatest common factor of 322 and 46.
46
Calculate the greatest common divisor of 136 and 13226.
34
Calculate the highest common factor of 28 and 1764.
28
What is the greatest common divisor of 35 and 560?
35
What is the greatest common factor of 2981 and 11?
11
Calculate the greatest common factor of 4653 and 99.
99
Calculate the greatest common factor of 16 and 56.
8
Calculate the highest common divisor of 18238 and 22.
22
Calculate the greatest common factor of 252 and 2961.
63
What is the greatest common factor of 1078 and 198?
22
What is the greatest common divisor of 84 and 3052?
28
Calculate the greatest common divisor of 90 and 870.
30
What is the greatest common factor of 45 and 99?
9
What is the greatest common divisor of 2314 and 267?
89
Calculate the greatest common divisor of 2808 and 162.
54
Calculate the highest common divisor of 4 and 1852.
4
Calculate the greatest common factor of 7 and 175.
7
What is the greatest common factor of 8048 and 112?
16
Calculate the greatest common divisor of 35 and 315.
35
What is the greatest common factor of 95 and 19?
19
What is the highest common factor of 8 and 6472?
8
What is the greatest common factor of 138 and 2967?
69
Calculate the highest common divisor of 159 and 24009.
159
What is the highest common factor of 2 and 5?
1
Calculate the highest common divisor of 189 and 4221.
63
Calculate the greatest common divisor of 22 and 638.
22
Calculate the highest common divisor of 1809 and 268.
67
What is the highest common divisor of 179 and 41707?
179
Calculate the greatest common divisor of 18 and 522.
18
Calculate the greatest common factor of 1432 and 3938.
358
Calculate the greatest common divisor of 70 and 91.
7
What is the highest common factor of 24 and 186?
6
Calculate the greatest common factor of 35587 and 19.
19
Calculate the greatest common factor of 3 and 95.
1
What is the highest common factor of 240 and 192?
48
Calculate the greatest common factor of 72 and 288.
72
What is the greatest common factor of 16 and 26?
2
Calculate the greatest common divisor of 468 and 1740.
12
What is the greatest common divisor of 248 and 28?
4
Calculate the greatest common factor of 11 and 13123.
11
Calculate the highest common divisor of 230 and 1495.
115
Calculate the greatest common factor of 575 and 300.
25
Calculate the greatest common factor of 93 and 403.
31
Calculate the highest common divisor of 85 and 455.
5
Calculate the highest common factor of 12 and 10.
2
Calculate the highest common factor of 318 and 6.
6
Calculate the highest common divisor of 63 and 420.
21
Calculate the greatest common factor of 532 and 342.
38
Calculate the highest common factor of 2691 and 39.
39
What is the greatest common divisor of 168 and 147?
21
Calculate the greatest common factor of 121 and 33.
11
What is the greatest common factor of 8 and 584?
8
Calculate the highest common divisor of 49 and 833.
49
What is the highest common factor of 1062 and 18?
18
Calculate the greatest common divisor of 17 and 27829.
17
Calculate the greatest common divisor of 68 and 1700.
68
What is the greatest common divisor of 2492 and 98?
14
What is the greatest common factor of 2967 and 2064?
129
What is the highest common divisor of 1211 and 7?
7
What is the greatest common divisor of 11 and 627?
11
What is the greatest common divisor of 345 and 575?
115
Calculate the highest common divisor of 2314 and 26.
26
Calculate the greatest common divisor of 854 and 56.
14
What is the greatest common factor of 161 and 391?
23
Calculate the highest common factor of 91 and 182.
91
What is the greatest common factor of 212 and 795?
53
Calculate the greatest common divisor of 360 and 648.
72
What is the highest common factor of 710 and 10?
10
Calculate the greatest common factor of 36 and 63.
9
What is the highest common factor of 728 and 280?
56
Calculate the highest common factor of 187 and 1972.
17
Calculate the highest common factor of 3050 and 25.
25
What is the highest common factor of 1930 and 120?
10
What is the highest common factor of 15811 and 326?
163
Calculate the greatest common factor of 12469 and 1348.
337
What is the highest common divisor of 6 and 46?
2
Calculate the highest common divisor of 18 and 232.
2
Calculate the highest common divisor of 884 and 32.
4
What is the highest common factor of 50 and 1150?
50
What is the highest common divisor of 6 and 7926?
6
What is the greatest common factor of 116 and 3132?
116
Calculate the greatest common divisor of 43 and 1591.
43
Calculate the greatest common divisor of 1722 and 615.
123
Calculate the highest common divisor of 114 and 23598.
114
Calculate the greatest common divisor of 5 and 295.
5
What is the highest common factor of 13 and 962?
13
Calculate the greatest common divisor of 231 and 66.
33
Calculate the greatest common factor of 5160 and 210.
30
What is the highest common factor of 924 and 56?
28
Calculate the highest common factor of 198 and 9262.
22
What is the greatest common divisor of 3280 and 615?
205
What is the greatest common factor of 156 and 48?
12
What is the highest common divisor of 2331 and 126?
63
Calculate the highest common factor of 690 and 621.
69
What is the highest common divisor of 99 and 1133?
11
Calculate the highest common divisor of 176 and 198.
22
Calculate the highest common divisor of 46 and 207.
23
Calculate the greatest common divisor of 2712 and 6.
6
What is the greatest common divisor of 35 and 1880?
5
Calculate the greatest common factor of 144 and 128.
16
Calculate the greatest common factor of 5 and 360.
5
Calculate the highest common factor of 78 and 3601.
13
What is the greatest common divisor of 220 and 792?
44
Calculate the greatest common divisor of 819 and 27.
9
What is the highest common divisor of 49 and 1421?
49
What is the greatest common divisor of 7 and 1043?
7
What is the greatest common factor of 2522 and 26?
26
What is the highest common divisor of 60860 and 340?
340
What is the highest common factor of 159 and 6413?
53
Calculate the highest common divisor of 2541 and 165.
33
Calculate the highest common divisor of 20 and 5.
5
What is the greatest common divisor of 725 and 2?
1
What is the greatest common factor of 1683 and 765?
153
Calculate the greatest common factor of 196 and 140.
28
What is the highest common divisor of 222 and 11766?
222
What is the greatest common divisor of 2140 and 70?
10
What is the greatest common factor of 77 and 14?
7
Calculate the highest common divisor of 52 and 20462.
26
Calculate the highest common divisor of 28 and 40012.
28
Calculate the greatest common divisor of 1190 and 2261.
119
What is the highest common factor of 118 and 826?
118
What is the highest common divisor of 360 and 64?
8
Calculate the highest common factor of 1060 and 7155.
265
Calculate the highest common factor of 37